se
Does 119 divide 6104343?
True
Is 310 a factor of 1541236?
False
Is 150 a factor of 510150?
True
Is 33 a factor of 1099923?
True
Is 15 a factor of 3768330?
True
Is 216 a factor of 8807047?
False
Is 36 a factor of 190063?
False
Is 8259067 a multiple of 36?
False
Is 333725 a multiple of 8?
False
Is 5748390 a multiple of 115?
True
Is 363913 a multiple of 244?
False
Is 947225 a multiple of 12?
False
Is 4 a factor of 5476?
True
Is 250606 a multiple of 176?
False
Is 31 a factor of 238018?
True
Is 12876125 a multiple of 125?
True
Is 554148 a multiple of 26?
False
Does 32 divide 1376?
True
Is 1010996 a multiple of 2?
True
Is 55001 a multiple of 3?
False
Is 7 a factor of 2967195?
True
Is 116 a factor of 1236560?
True
Is 1285999 a multiple of 490?
False
Does 12 divide 1852716?
True
Does 119 divide 11322850?
True
Is 2144628 a multiple of 246?
True
Is 889 a factor of 3687572?
True
Is 102 a factor of 52734?
True
Does 383 divide 3906600?
True
Is 1535112 a multiple of 36?
True
Is 115 a factor of 1320890?
True
Is 208702 a multiple of 31?
False
Is 349911 a multiple of 34?
False
Is 41355325 a multiple of 11?
True
Is 34 a factor of 160072?
True
Does 604 divide 174781?
False
Is 207 a factor of 511083?
True
Is 10067099 a multiple of 287?
True
Does 83 divide 2098489?
True
Is 55 a factor of 7393980?
True
Is 867902 a multiple of 19?
False
Does 195 divide 18530432?
False
Is 159596 a multiple of 34?
True
Is 11235 a multiple of 5?
True
Is 18 a factor of 2988?
True
Is 194 a factor of 4516236?
False
Is 1730190 a multiple of 385?
True
Does 14 divide 384876?
False
Does 2 divide 10999?
False
Is 5 a factor of 165053?
False
Is 172 a factor of 7083648?
True
Does 6 divide 268632?
True
Does 13 divide 347386?
True
Does 11 divide 9183086?
True
Is 10 a factor of 2437558?
False
Is 216 a factor of 415152?
True
Is 1277 a factor of 14095526?
True
Is 183 a factor of 9933858?
False
Does 33 divide 705828?
False
Is 10 a factor of 256640?
True
Is 28 a factor of 3562504?
False
Is 1313665 a multiple of 10?
False
Does 98 divide 1811458?
False
Is 48 a factor of 2186304?
True
Is 4607044 a multiple of 76?
True
Is 127969 a multiple of 15?
False
Does 24 divide 234845?
False
Is 7 a factor of 2139365?
False
Is 100865 a multiple of 546?
False
Is 7403011 a multiple of 553?
True
Does 220 divide 35012?
False
Is 730009 a multiple of 12?
False
Is 613 a factor of 116862?
False
Is 6152043 a multiple of 31?
True
Is 25 a factor of 1054833?
False
Is 157567 a multiple of 48?
False
Does 82 divide 4194321?
False
Is 619 a factor of 4990997?
True
Is 29 a factor of 1674402?
True
Is 68868 a multiple of 10?
False
Is 172081 a multiple of 31?
True
Is 649 a factor of 11424996?
True
Is 6101315 a multiple of 55?
True
Is 693481 a multiple of 54?
False
Is 2360448 a multiple of 16?
True
Does 114 divide 964249?
False
Is 135273 a multiple of 14?
False
Is 185 a factor of 166928?
False
Is 37 a factor of 19805828?
False
Is 184926 a multiple of 98?
True
Is 90 a factor of 223058?
False
Is 46 a factor of 1995342?
True
Is 12 a factor of 2781019?
False
Is 5 a factor of 8225?
True
Is 214 a factor of 24058736?
True
Is 7 a factor of 162179?
False
Is 15582 a multiple of 21?
True
Is 113 a factor of 7231413?
False
Is 40 a factor of 8131280?
True
Is 12 a factor of 13947792?
True
Is 85 a factor of 103870?
True
Is 672638 a multiple of 19?
True
Is 20001816 a multiple of 1429?
False
Is 1026190 a multiple of 491?
True
Is 24 a factor of 215921?
False
Does 264 divide 1494050?
False
Is 253232 a multiple of 39?
False
Is 615262 a multiple of 234?
False
Does 14 divide 65520?
True
Is 86740 a multiple of 53?
False
Does 323 divide 911764?
False
Does 10 divide 1730152?
False
Is 2 a factor of 88280?
True
Is 26 a factor of 84897?
False
Does 1402 divide 14342275?
False
Does 214 divide 1829249?
False
Does 108 divide 287143?
False
Does 29 divide 1761729?
False
Does 4 divide 220413?
False
Does 22 divide 1952324?
True
Is 1399155 a multiple of 1007?
False
Is 340584 a multiple of 552?
True
Is 694917 a multiple of 2?
False
Does 10 divide 41252?
False
Is 36 a factor of 31618?
False
Is 288299 a multiple of 811?
False
Is 858 a factor of 3934059?
False
Is 263 a factor of 966525?
True
Does 10 divide 643966?
False
Does 22 divide 127842?
True
Is 8640 a multiple of 75?
False
Does 4 divide 1550556?
True
Is 17262743 a multiple of 8?
False
Is 28 a factor of 42028?
True
Is 75 a factor of 10354996?
False
Is 35 a factor of 2530300?
False
Does 77 divide 14098613?
False
Does 956 divide 2275992?
False
Does 4 divide 73745?
False
Is 17473156 a multiple of 12?
False
Is 20 a factor of 2567620?
True
Is 6508434 a multiple of 1392?
False
Is 1450228 a multiple of 986?
False
Is 13 a factor of 54366?
True
Does 11 divide 3946130?
False
Is 42 a factor of 2136624?
True
Does 39 divide 2032641?
True
Is 93420 a multiple of 54?
True
Is 409 a factor of 1754968?
False
Is 22 a factor of 2638700?
False
Is 10 a factor of 32920?
True
Does 196 divide 3339644?
True
Is 37092 a multiple of 6?
True
Is 53 a factor of 703840?
True
Is 13 a factor of 335229?
False
Does 348 divide 24283092?
True
Is 359 a factor of 21954040?
False
Is 3 a factor of 175448?
False
Does 32 divide 195744?
True
Does 30 divide 844849?
False
Is 214 a factor of 5717224?
True
Does 503 divide 2377843?
False
Does 320 divide 129993?
False
Does 1972 divide 6039438?
False
Is 282 a factor of 41736?
True
Does 65 divide 15470?
True
Is 179764 a multiple of 4?
True
Does 9 divide 9366?
False
Is 8 a factor of 1324360?
True
Is 6045 a multiple of 15?
True
Is 1469160 a multiple of 168?
True
Does 29 divide 1565038?
False
Is 471 a factor of 176241?
False
Is 32 a factor of 2408198?
False
Is 262742 a multiple of 8?
False
Is 9 a factor of 242803?
False
Is 185706 a multiple of 342?
True
Does 38 divide 14963813?
False
Does 11 divide 28920419?
True
Does 183 divide 5030196?
False
Does 19 divide 6720262?
True
Is 1003 a factor of 2902682?
True
Does 21 divide 409254?
False
Is 7 a factor of 559023?
False
Does 14 divide 35916?
False
Does 1432 divide 2920423?
False
Is 48732 a multiple of 2?
True
Is 16 a factor of 27607584?
True
Is 3779534 a multiple of 20?
False
Does 64 divide 116223?
False
Is 74825 a multiple of 73?
True
Does 9 divide 1114092?
True
Does 45 divide 78435?
True
Is 55455 a multiple of 15?
True
Does 6 divide 3069821?
False
Is 20749304 a multiple of 148?
True
Is 12 a factor of 602759?
False
Does 83 divide 918081?
False
Does 48 divide 73953?
False
Is 19 a factor of 139075?
False
Does 8 divide 44967?
False
Does 250 divide 4000?
True
Does 15 divide 136740?
True
Does 5 divide 1412019?
False
Is 7 a factor of 918042?
False
Does 154 divide 16016?
True
Is 116376 a multiple of 104?
True
Does 233 divide 782181?
True
Is 124245 a multiple of 17?
False
Is 173 a factor of 249970?
False
Does 881 divide 1481991?
False
Does 51 divide 86037?
True
Is 8 a factor of 88464?
True
Is 17344692 a multiple of 2278?
True
Does 58 divide 81005?
False
Is 393187 a multiple of 2?
False
Is 2392372 a multiple of 5?
False
Is 22 a factor of 54207?
False
Is 7 a factor of 69125?
True
Does 100 divide 134500?
True
Does 25 divide 128998?
False
Is 3538109 a multiple of 16?
False
Is 1143007 a multiple of 14?
False
Does 49 divide 19367299?
True
Is 261 a factor of 7209864?
True
Does 188 divide 18220719?
False
Is 7 a factor of 240579?
False
Is 377 a factor of 2400092?
False
Is 146 a factor of 147898?
True
Is 62 a factor of 1606?
False
Is 35 a factor of 137013?
False
Is 19454 a multiple of 71?
True
Is 510128 a multiple of 167?
False
Is 6 a factor of 81234?
True
Is 482678 a multiple of 100?
False
Is 420 a factor of 411600?
True
Is 28 a factor of 596133?
False
Is 1479339 a multiple of 36?
False
Does 104 divide 1202240?
True
Does 409 divide 533745?
True
Is 176 a factor of 5077171?
False
Does 20 divide 376740?
True
Does 44 divide 369248?
True
Does 36 divide 1327212?
True
Does 47 divide 52593?
True
Is 726011 a multiple of 118?
False
Is 123804 a multiple of 181?
True
Does 24 divide 297696?
True
Is 11 a factor of 1380412?
True
Does 23 divide 220685?
True
Is 753908 a multiple of 41?
True
Does 13 divide 3478130?
False
Is 29 a factor of 50112?
True
Does 117 divide 574979?
False
Is 35 a factor of 364840?
True
Does 489 divide 10775442?
False
Does 172 divide 255281?
False
Is 33 a factor of 1481106?
True
Does 45 divi